 = 4*u + 2887 + 545. Is (-13)/(-26) - u/4 composite?
True
Let s(a) = 23*a**2 - 61*a + 379. Is s(-37) a prime number?
True
Suppose -57*q + 14484884 = 11*q. Is q composite?
True
Let t be 37/2*(-1 - -153). Suppose 791 = 3*j - t. Is j prime?
True
Let c(p) = 2*p**3 + 4*p**2 + 6*p + 7. Let w = 37 - 44. Let f be c(w). Let k = 1198 + f. Is k a composite number?
False
Let a(g) = 1138*g - 2709. Is a(170) a prime number?
False
Let l(b) = 620*b - 6. Let x be l(2). Let o = -855 + x. Suppose -5*a = -o - 396. Is a prime?
False
Let v = 349 + -345. Suppose 0 = l - 2, 2*g + 1240 - 7118 = -v*l. Is g prime?
False
Suppose -3*u + 3*n = 156, -2*u + 7*n = 3*n + 98. Let a(p) = 27*p - 25. Let x be a(-7). Let c = u - x. Is c prime?
False
Suppose 176*i - 98*i = -164*i + 15316906. Is i composite?
True
Let p(t) be the second derivative of 59*t**4/12 - 11*t**3/6 + 9*t**2/2 + 5*t. Suppose -l - 3*b - 14 = 0, -4*l + 3*l - 4*b - 15 = 0. Is p(l) a composite number?
True
Let r = -356 + 730. Suppose 379*g - r*g = 1505. Is g a composite number?
True
Suppose 12931 = -4*b + 3*t + 52686, 3*t - 9 = 0. Is b composite?
False
Suppose 12 = 4*o + 2*c, -2*o + 15 = 3*o + 3*c. Suppose -809 = -o*l + 3274. Suppose l = 2*n - 41. Is n a composite number?
False
Let z(d) = 133*d**2 - 21*d + 507. Is z(31) a composite number?
False
Let n(b) = -b**3 + 10*b**2 - b + 12. Let s be n(10). Suppose x - 3*f - 733 = 0, s*x - 1470 = -0*x + 4*f. Is x composite?
False
Suppose 3*b = -4*h + 30127, 15624 = 2*h + 5*b + 571. Suppose 3*z = -2*q + h, 5*q + 18*z = 23*z + 18785. Is q composite?
False
Let m = -10889 - -28514. Let x = -6986 + m. Is x a composite number?
False
Suppose 20*r - 42408 = 16*r. Suppose 0 = w + 5, 2*g - 18777 = w + r. Is g a prime number?
False
Let x = -556 - -555. Is (1 + 78050)/x*51/(-153) a prime number?
True
Let t = 66321 + -6361. Suppose -3*h - 24072 = -3*m, 4*h - t = -5*m - 19867. Is m prime?
False
Suppose 18*m - 46 = 260. Suppose m*n - 69210 = -13*n. Is n composite?
True
Let b = -65 - -88. Let t = -39 + b. Let g(m) = 6*m**2 + 29*m - 17. Is g(t) composite?
True
Suppose 28*g - 827094 = 3*g + 251881. Is g a composite number?
False
Suppose 404*u = 352*u + 15903316. Is u composite?
True
Suppose 41*z = -90458 + 282502. Suppose 0 = -6*j + 2810 + z. Is j a composite number?
False
Let n(v) be the third derivative of -v**4/12 + 179*v**3/6 + 7*v**2 - 6*v. Let p be 0/(-1) + 2 + -2. Is n(p) prime?
True
Suppose 34 = 5*x - 3*c, 526*x = 527*x - 5*c - 20. Let p(g) = 131*g + 67. Let j(w) = 66*w + 33. Let v(r) = 9*j(r) - 4*p(r). Is v(x) a prime number?
True
Let o be 2/16 + 1086981/(-168). Let r = -3703 - o. Is r composite?
False
Suppose 8*i - 15*i + 14 = 0. Suppose -i*f = -0*f - 14. Suppose -937 = -f*q - 356. Is q composite?
False
Let i(z) = z**2 - 27*z + 80. Let x be i(22). Let b(t) = -56*t + 59. Is b(x) prime?
False
Let c(n) = -n**2 - 42*n - 8. Let p be c(20). Let i = p + 662. Is (i/(-4))/((-4)/(-24)) a prime number?
False
Let l(t) be the third derivative of 3271*t**4/12 - 2*t**3 + 26*t**2. Let j be l(3). Is j/24 + 9/(-4) + 2 prime?
False
Let o(i) = -187*i**2 - 5*i + 3. Let b be o(4). Let z = 7816 + b. Let t = -558 + z. Is t composite?
True
Let p(f) = -f**2 - 11*f + 47. Let n be p(-14). Let c(i) = 23*i + 100. Is c(n) a prime number?
False
Suppose 15 = 5*u, 0 = 4*p - u + 12 + 7. Let h be (1 - 2) + 0 - p. Suppose h*w = 10*w - 1771. Is w a prime number?
False
Suppose 3*w = 4*q - 26176, 102*q = w + 98*q + 8728. Is ((-48)/(-96))/(((-10)/w)/5) a composite number?
True
Let d = 7318 - 7184. Let n = 1019 - 698. Let h = n - d. Is h a prime number?
False
Let d = -3190 + -338. Let r = 5957 + d. Is r composite?
True
Suppose -4*o + 60 = -0*o. Suppose 0 = 2*g + o - 1577. Is g a composite number?
True
Let k be (17 + -11)*(-1)/(6/(-41252)). Suppose 49*w - k = 10737. Is w a composite number?
False
Is -253366*(20/45 + (5 - (-464)/(-72))) a prime number?
False
Suppose 2*y - 45 = 5*y. Is ((-3)/(y/(-14206)))/(64/(-160)) prime?
True
Let p(r) = -3*r**2 + 7*r + 5. Let b be p(6). Let s = -57 - b. Suppose -2*u + 3008 = 4*a - 0*u, 0 = -4*a - s*u + 3004. Is a prime?
False
Is (-26 + 41 + (-410752)/12)/((-1)/3) a prime number?
True
Let c be (-583)/(-212) + (-9)/(-12)*-1. Suppose 0*h = -h + 723. Suppose -3*t = -3*b - 2163, -c*b + 0*b - h = -t. Is t a prime number?
True
Suppose 100*q = -75*q + 29176525. Is q composite?
False
Let q(o) = o**3 - 6*o**2 + 6*o - 5. Let g be q(5). Suppose 1291 = 2*w - 3*l, l = w - g*w - 646. Let j = w - 433. Is j prime?
False
Let w(g) = 5*g**3 - g**2 + g + 1. Let t be w(1). Suppose -t = -3*d + 6. Suppose 7701 = 5*z + d*y, 0 = -z - 2*y - 3*y + 1557. Is z a prime number?
False
Let r = -249 + 99. Let a = -19 - r. Suppose 2*i = 5*u + 25, -5*u + a - 31 = 3*i. Is i a prime number?
False
Is (75 + -311118)*(-2)/6 prime?
True
Is 2/(-4)*2615272/(-22) + 3 composite?
False
Let r(a) = -4*a - 13. Let q be r(-10). Suppose 0 = 8*y - 11*y + q. Suppose k = -4*g + 849, y = -k - 2*k. Is g composite?
True
Is (9942710/50)/(26/130) a prime number?
True
Suppose 12 = 244*l - 241*l. Let f = 13 - 13. Suppose f = l*n - 2668 - 696. Is n a prime number?
False
Let w(i) = -90*i**2 + 13*i - 8. Let q be w(7). Is 3/(8651/q + 2) a prime number?
True
Suppose -41 + 5 = 6*s. Let y be (144/(-6))/s - -3564. Is (y/24)/(4/18) a composite number?
True
Let x be 0/3 + -3 - (-597 + -4). Let q = x - 343. Suppose p - 191 = q. Is p a prime number?
False
Is ((-1246)/8)/(308/(-486992)) composite?
True
Suppose 9*h + 4480 = 8*h - 5*k, h = 4*k - 4498. Let d = h - -10159. Is d a composite number?
False
Suppose -2*v + 253 = -2*h - v, 5*h + 5*v = -625. Let b = 517 + -302. Let u = b + h. Is u prime?
True
Suppose 5*v + 16234 = 5*g + 53084, 14740 = 2*v + 3*g. Suppose 4*q + 166 - v = 0. Is q prime?
True
Let d = 10874 + -3787. Is d a prime number?
False
Is (5 - 2) + -11 + (-649110)/(-14) composite?
True
Suppose p = 3*x - 145318 - 114619, -5*x - p + 433239 = 0. Is x composite?
True
Suppose 2*x + 2*f - 2797405 = -3*x, -2797430 = -5*x + 3*f. Is x a prime number?
True
Let m be 4*-1*2447/(-4)*-2. Let f = m - -7055. Is f a prime number?
True
Let p = -41 - -49. Suppose -p*y + 346 = -406. Suppose -3*a - y = 5*b - 465, 3*b + 514 = 4*a. Is a composite?
False
Suppose -4*k + 10*z + 134811 = 9*z, -2*z - 168513 = -5*k. Is k a composite number?
False
Let w(j) = -327*j - 11. Let t be w(-5). Suppose -80*c = -72*c - t. Is c a composite number?
True
Suppose -8*q - 66 = -106. Is -2 + 15923 + (q - -1) composite?
True
Suppose 0 = 31*y - 33*y - 370. Is (-3843893)/y + (-4)/5 a prime number?
False
Suppose 635*a - 639*a - 4 = 0, 1598592 = 4*t - 4*a. Is t prime?
True
Let l = 55145 - 31966. Is l a composite number?
True
Let p(v) be the first derivative of v**6/40 + v**5/60 - 3*v**4/8 + 5*v**3 - 16. Let k(j) be the third derivative of p(j). Is k(4) prime?
False
Suppose 0 = -a - 5*r - 0*r + 18187, -r - 54577 = -3*a. Suppose -18232 = -4*w - 4*x, 2*w - a = -2*w + 4*x. Is w a prime number?
False
Let o(v) = -5*v**2 - 11*v + 109. Let b(f) = -9*f**2 - 21*f + 219. Let c(u) = 6*b(u) - 11*o(u). Is c(15) composite?
True
Suppose -7*t + 65*t - 13058991 = 25*t. Is t composite?
True
Let g(v) be the second derivative of v**4/2 + 67*v**3/6 + 27*v**2/2 + 2*v + 2. Is g(23) prime?
False
Let i(a) = 59*a - 52. Let n(l) = 3*l + 46. Let x be (-9)/((-39)/(-26) - (-2)/(-4)). Let z be n(x). Is i(z) prime?
True
Is 1 + 1422611 - 6025/(-241) composite?
False
Suppose 6*y = -t + 4052694, 4*t = y - 377410 - 298039. Is y prime?
True
Suppose -f = -54791 + 13376. Suppose 0 = -2*j + j + 4*y + 8277, 5*y + f = 5*j. Is j a prime number?
False
Let r = 87 - 79. Suppose r*v = 2*v - 9204. Let a = v - -2207. Is a a composite number?
False
Suppose -196*t = -195*t - 41857. Is t composite?
True
Let g(w) be the first derivative of 5*w**4/4 - 8*w**3/3 - 3*w**2 - 2*w + 7. Is g(7) prime?
True
Let z(q) = 11205*q - 5401. Is z(4) composite?
False
Let d = 65832 + -35910. Let u = d + -7963. Is u composite?
True
Suppose l = x + 91668, 4*l - 190133 - 176534 = 5*x. Is l a prime number?
True
Let r be 3 - (-9)/(-6) - (-10)/(-4). Is r*(-7 - 1) + 6379 composite?
True
Is 4345431/(-38)*-2 + 1288/12236 composite?
False
Suppose -29 + 24 = -5*l. Suppose -5*h + 5 = j + j, -5*j = -h + l. Let s = 1950 - h. Is s composite?
False
Suppose 0 = -2*y + 2*f + 686, -1 + 9 = -4